 0 = -5*k - 5 + 90. Suppose 0 = -5*x + 92 - 32. Suppose 4*a = -x + 36. What is the remainder when k is divided by a?
5
Let d = 1052 - 1031. What is the remainder when (-2 - -2) + 13*3 is divided by d?
18
Suppose -4*j = -2*t - 16, t + 1 = -7*j + 2*j. Let i = t - -14. Calculate the remainder when 22 is divided by i.
6
Calculate the remainder when (-1123)/(-9) + 8/36 is divided by 32.
29
Suppose 4*x - 10 = -2*l, -53 = -5*l - 0*l + 4*x. Calculate the remainder when 31 is divided by l.
4
Let k(j) = -j**3 - 3*j**2 + 3*j + 5. Calculate the remainder when k(-4) is divided by 4.
1
Let o(l) = l**3 - 4*l**2 - l + 2. Let u(f) = -f + 8. Let g be u(4). Let s be o(g). What is the remainder when 12 is divided by 2*-1 - (-5 + s)?
2
Suppose -1 = 4*p - 13. Suppose -279 + 36 = -p*v. Suppose -121 + 22 = -3*w - 3*i, -3*w + 3*i = -v. Calculate the remainder when w is divided by 16.
14
Let z = 9 - 5. Suppose 5*h + z*c - 56 - 79 = 0, 2*c + 103 = 3*h. What is the remainder when h is divided by 16?
15
Suppose 0 = 4*o + 45 - 209. Calculate the remainder when o is divided by 14.
13
Suppose -3*c + 21 = -b, -5*b - 15 = c + 2*c. Let y = b - -5. Calculate the remainder when y - (47 + -2)/(-1) is divided by 15.
14
Suppose v - 175 = -2*z, 8*z - v - 347 = 4*z. What is the remainder when z is divided by 11?
10
Suppose 15*i - 11*i - 130 = -2*a, -180 = -5*i + a. What is the remainder when 135 is divided by i?
30
Let i = 0 + 1. Let w = 12 + i. Calculate the remainder when 38 is divided by w.
12
Let y be -14*(3 + (-30)/4). What is the remainder when 67 is divided by (0 - -2) + y/3?
21
Let l(t) = t**3 + t + 15. Calculate the remainder when l(0) is divided by 8.
7
Suppose -2*n = 4*q + n - 1, 3*q = -n + 7. Let p(k) = -k**3 - 8*k**2 - 8*k + 4. Calculate the remainder when p(-7) is divided by q.
3
Calculate the remainder when 37 is divided by (23 - 3) + (-3)/3.
18
Let o(z) = z + 32. Calculate the remainder when o(6) is divided by 7.
3
Let m = 55 + -37. What is the remainder when 28 is divided by m?
10
Let s(y) = -2*y**2 + 2*y. Let f be s(-4). Let i = -23 - f. Let h(u) = -u. What is the remainder when i is divided by h(-5)?
2
Suppose -30 = -3*q + 3*l, -3*q + 5*l + 10 = -28. Let z(j) = 9*j - 3. What is the remainder when (q/4 - 2)*-86 is divided by z(2)?
13
Calculate the remainder when 62 is divided by 33*(6/9 + 0).
18
Let o(x) = -x**3 - 3*x**2 - x - 2. Let g be o(-3). What is the remainder when 43 is divided by g - (-4 - (2 + 2))?
7
Suppose 0*w - w + 4 = 0. Suppose -2*y = -2*i - 7*y + 20, -12 = w*i - 3*y. Suppose 2*f + 0 - 10 = i. What is the remainder when f is divided by 3?
2
Let l(q) be the third derivative of -q**6/120 - 7*q**5/60 - q**4/4 - 2*q**3/3 + 3*q**2. Calculate the remainder when l(-7) is divided by 13.
12
Let t = 58 + -47. Calculate the remainder when t is divided by 7.
4
Let y be ((-3)/6)/((-1)/12). Let j be 1*(-3)/((-9)/y). Calculate the remainder when (-10 + j)*(-26)/8 is divided by 14.
12
Let m = -13 - -16. Calculate the remainder when 2/((-2)/20*-2) is divided by m.
1
Suppose 5*d - 4 = 2*t - 1, -t = -4*d + 9. Let u = -9 - -15. What is the remainder when t is divided by u?
5
Suppose -5*s + 4*s + 6 = 0. Let w be (2/6)/(2/6). Let h(u) = 11*u**2 - 1. Calculate the remainder when h(w) is divided by s.
4
Suppose 8 = 3*z + 2*m, 0 = m - 3 + 2. Suppose 4*a = 5*s - 77, 3*s - z*a = -2*s + 81. What is the remainder when s is divided by 10?
7
Let x = 61 + -94. Let b = x - -64. Calculate the remainder when b is divided by 11.
9
Let b(g) = g**2 + 25. Let j(v) = -v + 2. Suppose -4*c = 4*w + 60, -4*c - 5*w + 13 - 77 = 0. What is the remainder when b(0) is divided by j(c)?
12
Let n be 3*-1 - (2 - -4). Let v = -5 - n. Suppose 4*h = 36 - v. Calculate the remainder when 30 is divided by h.
6
Let i(p) = -p**2 - 13*p - 21. Suppose -20 = -n - 3*k, 2*k - 5*k - 2 = -n. Calculate the remainder when i(-8) is divided by n.
8
Let m(f) = f**2 - 4*f + 2. Let w be m(4). Let s(c) = 0*c**w - 4*c - 2*c**2 + 3*c**2 - 4. What is the remainder when 2 is divided by s(5)?
0
Suppose -14 - 26 = -z - 3*y, -3*z + 104 = y. What is the remainder when z is divided by 4/6*(19 - 1)?
10
Let t(i) = -9*i + 9. Let q(o) = 13*o - 14. Let k(d) = 5*q(d) + 7*t(d). Calculate the remainder when 30 is divided by k(9).
8
What is the remainder when (-3)/((-6)/8) - -57 is divided by 21?
19
Suppose 0 = 3*m + 2*m - 235. Calculate the remainder when m is divided by 10.
7
Suppose 4*q + 236 = 9*q + 3*t, 2*q + 2*t = 96. Calculate the remainder when q is divided by 12.
10
Let j = 5 + -2. Suppose -j*h = 4*u + 4, 0 = -0*u - 5*u - 20. Suppose g + 5*o = -8 + 54, -h*g + o + 79 = 0. What is the remainder when 61 is divided by g?
19
Suppose 0 = -3*d + d + 6. Suppose d*n - 4*v = 5*n + 16, 0 = -4*n + 2*v + 18. Suppose n = 2*p - 12. What is the remainder when 19 is divided by p?
5
Let h be ((-3)/((-3)/(-14)))/(-2). Suppose 3*y + 4*o - 31 = 0, -h*o = y - 3*o - 5. Calculate the remainder when 24 is divided by y.
11
Let y = 12 - 2. Calculate the remainder when 6/39 + 2094/78 is divided by y.
7
Let t = -38 - -26. Calculate the remainder when 32 is divided by (33/t)/((-2)/8).
10
Suppose 0 = 3*m + c - 12 - 1, -2*c + 20 = 5*m. Let w(q) = q**2 - 7*q + 6. Let s be w(m). Calculate the remainder when 10 is divided by 5 + -1 + s + 0.
2
Let d = -2 - -5. Suppose -12 = -3*k, 23 = -d*z + 2*k + 3*k. Calculate the remainder when 20 is divided by 1/(18/(-21) - z).
6
Suppose 2*z + 5*o - 109 = 0, -3*o + 4*o + 205 = 5*z. Calculate the remainder when z is divided by 15.
12
Let q(m) = m**2 + 8*m + 13. Calculate the remainder when 129 is divided by q(-10).
30
Let c = -8 + 17. What is the remainder when 3/c*(3 + 84) is divided by 8?
5
Let v(t) = -t**2 - 6*t. Let n = 41 + -32. What is the remainder when n is divided by v(-5)?
4
Suppose -24 = -3*v + 18. Calculate the remainder when 24 is divided by v.
10
Suppose 0 = -5*p + 5*d + 270, 5*p - 268 = d + 3*d. Suppose p = 5*o + 12. What is the remainder when 13 is divided by o?
5
Let r = 3 - -2. Calculate the remainder when r is divided by 3.
2
Let q(t) = 2*t - 2. Let k be q(3). Suppose k*h + 27 = 3*s, -11 = -2*s - 5*h + 7. Calculate the remainder when s is divided by 4.
1
Let g = 9 - 5. Suppose -9*s + 33 = -6*s. Calculate the remainder when s is divided by g.
3
Suppose -m = -4*v - 3*m - 12, -5*v - 41 = -4*m. Let f(o) = o**3 + 7*o**2 + 3*o + 5. Calculate the remainder when f(v) is divided by 21.
19
Let a = -10 - -19. Let y be 0 + 2 - 2*-179. What is the remainder when y/10 + -1*1 is divided by a?
8
Suppose 3*i = -3*m + 732, -i + 3*i - 976 = -4*m. What is the remainder when m is divided by 35?
34
Let m(g) = g**3 + 4*g**2 - 3*g - 4. What is the remainder when 14 is divided by m(-4)?
6
Suppose 10*l - 5*l - 3*r = 29, -3*l + 2*r + 18 = 0. What is the remainder when l is divided by 2?
0
Suppose 5*g - g = 12. Let w(d) = -2*d**3 + 9*d**g + 0*d**2 + d**2 - 2. Calculate the remainder when w(2) is divided by 20.
18
Let c = 81 - 40. Calculate the remainder when c is divided by (2/4)/(4/88).
8
Suppose -3*t + 18 = 3*z, 0 = 5*z + 6*t - 2*t - 27. Calculate the remainder when 16 is divided by z.
1
Let j(d) = d**2 + 4*d + 3. Let b be j(-5). Let q = b - -2. What is the remainder when 18 is divided by q?
8
Suppose -2*y + 19 = 3. What is the remainder when 30 is divided by y?
6
Let x = 23 + -13. What is the remainder when 16 is divided by x?
6
Let v(z) = -z**3 - 8*z**2 - 10*z + 7. Calculate the remainder when v(-9) is divided by 13.
9
Let k(a) = 2*a - 5. Suppose 0*x + 5*x = 180. Suppose -2*t - 4 = 0, 0 = -2*j - 0*t + 5*t + x. What is the remainder when j is divided by k(6)?
6
Let r = -1 + 1. Let p = 4 + r. Suppose 3*m + 8 - 37 = -p*q, 5*m = 3*q. Calculate the remainder when 5 is divided by m.
2
Let r(z) = -z**2 + 6*z - 1 + 0 + 6. Suppose -2*n - 140 = -7*n. Calculate the remainder when n is divided by r(5).
8
Let x = 12 - -6. Let p = 6 + -5. Calculate the remainder when 52 + (-1 - p) + 2 is divided by x.
16
Let i = -18 - -66. What is the remainder when i is divided by 10?
8
Calculate the remainder when 66 is divided by 6*46/16 + (-63)/(-84).
12
Let b be 2/(-4) + (-10)/(-4). Suppose -b*g - 9 = -33. Let o = 42 - 35. Calculate the remainder when g is divided by o.
5
Let p = -3 - -30. Calculate the remainder when p is divided by (2 - 3)*2 + 12.
7
Let h = 